{"id":23,"date":"2024-03-05T11:08:12","date_gmt":"2024-03-05T11:08:12","guid":{"rendered":"https:\/\/rotenkirchen.edvexperten.de\/?page_id=23"},"modified":"2024-05-06T16:34:57","modified_gmt":"2024-05-06T16:34:57","slug":"domaene-rotenkirchen","status":"publish","type":"page","link":"https:\/\/rotenkirchen.edvexperten.de\/","title":{"rendered":"Dom\u00e4ne Rotenkirchen"},"content":{"rendered":"\t\t<div data-elementor-type=\"wp-page\" data-elementor-id=\"23\" class=\"elementor elementor-23\" data-elementor-post-type=\"page\">\n\t\t\t\t<div class=\"elementor-element elementor-element-9ad354e e-con-full e-flex e-con e-parent\" data-id=\"9ad354e\" data-element_type=\"container\" data-settings=\"{&quot;background_background&quot;:&quot;slideshow&quot;,&quot;background_slideshow_gallery&quot;:[{&quot;id&quot;:27,&quot;url&quot;:&quot;https:\\\/\\\/rotenkirchen.edvexperten.de\\\/wp-content\\\/uploads\\\/2024\\\/03\\\/header2.webp&quot;},{&quot;id&quot;:26,&quot;url&quot;:&quot;https:\\\/\\\/rotenkirchen.edvexperten.de\\\/wp-content\\\/uploads\\\/2024\\\/03\\\/IMG_5889.webp&quot;},{&quot;id&quot;:25,&quot;url&quot;:&quot;https:\\\/\\\/rotenkirchen.edvexperten.de\\\/wp-content\\\/uploads\\\/2024\\\/03\\\/IMG_6188.webp&quot;}],&quot;background_slideshow_ken_burns&quot;:&quot;yes&quot;,&quot;shape_divider_bottom&quot;:&quot;opacity-tilt&quot;,&quot;background_slideshow_loop&quot;:&quot;yes&quot;,&quot;background_slideshow_slide_duration&quot;:5000,&quot;background_slideshow_slide_transition&quot;:&quot;fade&quot;,&quot;background_slideshow_transition_duration&quot;:500,&quot;background_slideshow_ken_burns_zoom_direction&quot;:&quot;in&quot;}\">\n\t\t\t\t<div class=\"elementor-shape elementor-shape-bottom\" data-negative=\"false\">\n\t\t\t<svg xmlns=\"http:\/\/www.w3.org\/2000\/svg\" viewBox=\"0 0 2600 131.1\" preserveAspectRatio=\"none\">\n\t<path class=\"elementor-shape-fill\" d=\"M0 0L2600 0 2600 69.1 0 0z\"\/>\n\t<path class=\"elementor-shape-fill\" style=\"opacity:0.5\" d=\"M0 0L2600 0 2600 69.1 0 69.1z\"\/>\n\t<path class=\"elementor-shape-fill\" style=\"opacity:0.25\" d=\"M2600 0L0 0 0 130.1 2600 69.1z\"\/>\n<\/svg>\t\t<\/div>\n\t\t\t\t<div class=\"elementor-element elementor-element-5a07d0e elementor-widget elementor-widget-heading\" data-id=\"5a07d0e\" data-element_type=\"widget\" data-widget_type=\"heading.default\">\n\t\t\t\t<div class=\"elementor-widget-container\">\n\t\t\t<style>\/*! elementor - v3.21.0 - 30-04-2024 *\/\n.elementor-heading-title{padding:0;margin:0;line-height:1}.elementor-widget-heading .elementor-heading-title[class*=elementor-size-]>a{color:inherit;font-size:inherit;line-height:inherit}.elementor-widget-heading .elementor-heading-title.elementor-size-small{font-size:15px}.elementor-widget-heading .elementor-heading-title.elementor-size-medium{font-size:19px}.elementor-widget-heading .elementor-heading-title.elementor-size-large{font-size:29px}.elementor-widget-heading .elementor-heading-title.elementor-size-xl{font-size:39px}.elementor-widget-heading .elementor-heading-title.elementor-size-xxl{font-size:59px}<\/style><h2 class=\"elementor-heading-title elementor-size-default\">Dom\u00e4ne Rotenkirchen<\/h2>\t\t<\/div>\n\t\t\t\t<\/div>\n\t\t\t\t<div class=\"elementor-element elementor-element-ba2a237 elementor-widget elementor-widget-heading\" data-id=\"ba2a237\" data-element_type=\"widget\" data-widget_type=\"heading.default\">\n\t\t\t\t<div class=\"elementor-widget-container\">\n\t\t\t<h2 class=\"elementor-heading-title elementor-size-default\">Leben &amp; Wohnen |&nbsp;Gartenkunst | Landwirtschaft<\/h2>\t\t<\/div>\n\t\t\t\t<\/div>\n\t\t\t\t<\/div>\n\t\t<div class=\"elementor-element elementor-element-86f51b4 e-flex e-con-boxed e-con e-parent\" data-id=\"86f51b4\" data-element_type=\"container\">\n\t\t\t\t\t<div class=\"e-con-inner\">\n\t\t<div class=\"elementor-element elementor-element-0a1e3d0 e-con-full e-flex e-con e-child\" data-id=\"0a1e3d0\" data-element_type=\"container\">\n\t\t\t\t<div class=\"elementor-element elementor-element-15f29a3 elementor-widget elementor-widget-heading\" data-id=\"15f29a3\" data-element_type=\"widget\" data-widget_type=\"heading.default\">\n\t\t\t\t<div class=\"elementor-widget-container\">\n\t\t\t<h2 class=\"elementor-heading-title elementor-size-default\">Die Dom\u00e4ne Rotenkirchen<\/h2>\t\t<\/div>\n\t\t\t\t<\/div>\n\t\t\t\t<div class=\"elementor-element elementor-element-96c1bbd elementor-hidden-desktop elementor-hidden-tablet elementor-widget elementor-widget-image\" data-id=\"96c1bbd\" data-element_type=\"widget\" data-widget_type=\"image.default\">\n\t\t\t\t<div class=\"elementor-widget-container\">\n\t\t\t<style>\/*! elementor - v3.21.0 - 30-04-2024 *\/\n.elementor-widget-image{text-align:center}.elementor-widget-image a{display:inline-block}.elementor-widget-image a img[src$=\".svg\"]{width:48px}.elementor-widget-image img{vertical-align:middle;display:inline-block}<\/style>\t\t\t\t\t\t\t\t\t\t<img fetchpriority=\"high\" decoding=\"async\" width=\"450\" height=\"412\" src=\"https:\/\/rotenkirchen.edvexperten.de\/wp-content\/uploads\/2024\/03\/rotenkirchen1-e1714993719518.webp\" class=\"attachment-large size-large wp-image-30\" alt=\"\" srcset=\"https:\/\/rotenkirchen.edvexperten.de\/wp-content\/uploads\/2024\/03\/rotenkirchen1-e1714993719518.webp 450w, https:\/\/rotenkirchen.edvexperten.de\/wp-content\/uploads\/2024\/03\/rotenkirchen1-e1714993719518-300x275.webp 300w\" sizes=\"(max-width: 450px) 100vw, 450px\" \/>\t\t\t\t\t\t\t\t\t\t\t\t\t<\/div>\n\t\t\t\t<\/div>\n\t\t\t\t<div class=\"elementor-element elementor-element-11f8205 elementor-widget elementor-widget-text-editor\" data-id=\"11f8205\" data-element_type=\"widget\" data-widget_type=\"text-editor.default\">\n\t\t\t\t<div class=\"elementor-widget-container\">\n\t\t\t<style>\/*! elementor - v3.21.0 - 30-04-2024 *\/\n.elementor-widget-text-editor.elementor-drop-cap-view-stacked .elementor-drop-cap{background-color:#69727d;color:#fff}.elementor-widget-text-editor.elementor-drop-cap-view-framed .elementor-drop-cap{color:#69727d;border:3px solid;background-color:transparent}.elementor-widget-text-editor:not(.elementor-drop-cap-view-default) .elementor-drop-cap{margin-top:8px}.elementor-widget-text-editor:not(.elementor-drop-cap-view-default) .elementor-drop-cap-letter{width:1em;height:1em}.elementor-widget-text-editor .elementor-drop-cap{float:left;text-align:center;line-height:1;font-size:50px}.elementor-widget-text-editor .elementor-drop-cap-letter{display:inline-block}<\/style>\t\t\t\t<p>Willkommen auf der Dom\u00e4ne Rotenkirchen \u2013 Ihrem Tor zu einem authentischen Landleben mit modernem Wohnkomfort. Die Dom\u00e4ne Rotenkirchen, eingebettet in die malerische Landschaft des Einbecker Landes, verbindet traditionelle Werte mit zeitgem\u00e4\u00dfem Lebensstil. Entdecken Sie bei uns die perfekte Harmonie aus Wohnen, Natur und nachhaltiger Landwirtschaft.<\/p><p>Exklusive Wohnungen in historischem Ambiente: Auf der Dom\u00e4ne Rotenkirchen bieten wir Ihnen exklusive Mietwohnungen, die modernen Wohnkomfort in der idyllischen Ruhe des Landlebens erm\u00f6glichen. Jede unserer Wohnungen spiegelt die Einzigartigkeit und den Charme der Dom\u00e4ne wider, kombiniert mit allen Annehmlichkeiten, die Sie von einem zeitgem\u00e4\u00dfen Zuhause erwarten. Ob als Single, Paar oder Familie \u2013 entdecken Sie Ihr neues Zuhause in der Gemeinschaft der Dom\u00e4ne Rotenkirchen.<\/p><p>Nachhaltige Landwirtschaft mit der Vereinigung Einbecker Land: Die Dom\u00e4ne Rotenkirchen ist stolz auf ihre enge Zusammenarbeit mit der Vereinigung Einbecker Land, die sich der F\u00f6rderung nachhaltiger Landwirtschaftsverfahren verschrieben hat. Diese Partnerschaft erm\u00f6glicht es uns, Ihnen Zugang zu frischen, lokalen Produkten direkt von unseren Feldern zu bieten. Erleben Sie die Jahreszeiten hautnah durch die Vielfalt der Erzeugnisse, die unsere Landwirtschaft pr\u00e4gen, und werden Sie Teil einer Bewegung, die sich f\u00fcr eine gesunde, nachhaltige Zukunft einsetzt.<\/p>\t\t\t\t\t\t<\/div>\n\t\t\t\t<\/div>\n\t\t\t\t<\/div>\n\t\t<div class=\"elementor-element elementor-element-8fde2c0 e-con-full e-flex e-con e-child\" data-id=\"8fde2c0\" data-element_type=\"container\" data-settings=\"{&quot;background_background&quot;:&quot;classic&quot;}\">\n\t\t\t\t<div class=\"elementor-element elementor-element-644bb86 elementor-hidden-mobile animated-slow elementor-invisible elementor-widget elementor-widget-image-carousel\" data-id=\"644bb86\" data-element_type=\"widget\" data-settings=\"{&quot;slides_to_show&quot;:&quot;1&quot;,&quot;navigation&quot;:&quot;none&quot;,&quot;effect&quot;:&quot;fade&quot;,&quot;speed&quot;:800,&quot;_animation&quot;:&quot;fadeInUp&quot;,&quot;autoplay&quot;:&quot;yes&quot;,&quot;pause_on_hover&quot;:&quot;yes&quot;,&quot;pause_on_interaction&quot;:&quot;yes&quot;,&quot;autoplay_speed&quot;:5000,&quot;infinite&quot;:&quot;yes&quot;}\" data-widget_type=\"image-carousel.default\">\n\t\t\t\t<div class=\"elementor-widget-container\">\n\t\t\t<style>\/*! elementor - v3.21.0 - 30-04-2024 *\/\n.elementor-widget-image-carousel .swiper,.elementor-widget-image-carousel .swiper-container{position:static}.elementor-widget-image-carousel .swiper-container .swiper-slide figure,.elementor-widget-image-carousel .swiper .swiper-slide figure{line-height:inherit}.elementor-widget-image-carousel .swiper-slide{text-align:center}.elementor-image-carousel-wrapper:not(.swiper-container-initialized):not(.swiper-initialized) .swiper-slide{max-width:calc(100% \/ var(--e-image-carousel-slides-to-show, 3))}<\/style>\t\t<div class=\"elementor-image-carousel-wrapper swiper\" dir=\"ltr\">\n\t\t\t<div class=\"elementor-image-carousel swiper-wrapper swiper-image-stretch\" aria-live=\"off\">\n\t\t\t\t\t\t\t\t<div class=\"swiper-slide\" role=\"group\" aria-roledescription=\"slide\" aria-label=\"1 von 3\"><figure class=\"swiper-slide-inner\"><img decoding=\"async\" class=\"swiper-slide-image\" src=\"https:\/\/rotenkirchen.edvexperten.de\/wp-content\/uploads\/2024\/05\/rotenkirchen1_sm-1.jpg\" alt=\"rotenkirchen1_sm\" \/><\/figure><\/div><div class=\"swiper-slide\" role=\"group\" aria-roledescription=\"slide\" aria-label=\"2 von 3\"><figure class=\"swiper-slide-inner\"><img decoding=\"async\" class=\"swiper-slide-image\" src=\"https:\/\/rotenkirchen.edvexperten.de\/wp-content\/uploads\/2024\/05\/rotenkirchen2sm-1.jpg\" alt=\"rotenkirchen2sm\" \/><\/figure><\/div><div class=\"swiper-slide\" role=\"group\" aria-roledescription=\"slide\" aria-label=\"3 von 3\"><figure class=\"swiper-slide-inner\"><img decoding=\"async\" class=\"swiper-slide-image\" src=\"https:\/\/rotenkirchen.edvexperten.de\/wp-content\/uploads\/2024\/05\/rotenkirchen3sm-1.jpg\" alt=\"rotenkirchen3sm\" \/><\/figure><\/div>\t\t\t<\/div>\n\t\t\t\t\t\t\t\n\t\t\t\t\t\t\t\t\t<\/div>\n\t\t\t\t<\/div>\n\t\t\t\t<\/div>\n\t\t\t\t<\/div>\n\t\t\t\t\t<\/div>\n\t\t\t\t<\/div>\n\t\t<div class=\"elementor-element elementor-element-65bd963 e-flex e-con-boxed e-con e-parent\" data-id=\"65bd963\" data-element_type=\"container\">\n\t\t\t\t\t<div class=\"e-con-inner\">\n\t\t\t\t<div class=\"elementor-element elementor-element-759be03 elementor-widget elementor-widget-text-editor\" data-id=\"759be03\" data-element_type=\"widget\" data-widget_type=\"text-editor.default\">\n\t\t\t\t<div class=\"elementor-widget-container\">\n\t\t\t\t\t\t\t<p>Gartenkunst im historischen K\u00fcchengarten: Der historische K\u00fcchengarten auf der Dom\u00e4ne Rotenkirchen ist ein Herzst\u00fcck unseres Anwesens. Er bietet nicht nur eine Oase der Ruhe und Sch\u00f6nheit, sondern ist auch ein lebendiges Zentrum f\u00fcr Gartenkunst und \u00f6kologische Bildung. Tauchen Sie ein in die Welt der Pflanzen, entdecken Sie alte und neue Techniken des G\u00e4rtnerns und genie\u00dfen Sie die F\u00fclle und Vielfalt, die der K\u00fcchengarten zu bieten hat. Unsere regelm\u00e4\u00dfig stattfindenden Workshops und F\u00fchrungen laden Sie ein, Ihr Wissen zu erweitern und selbst aktiv zu werden.<\/p><p>Auf der Dom\u00e4ne Rotenkirchen verbinden wir das Beste aus Vergangenheit und Gegenwart, um Ihnen ein einzigartiges Wohnerlebnis zu bieten. Hier k\u00f6nnen Sie die Stille der Natur genie\u00dfen, sich in der Gemeinschaft engagieren und ein Leben f\u00fchren, das durch Nachhaltigkeit und Respekt vor der Umwelt gepr\u00e4gt ist. Entdecken Sie die Dom\u00e4ne Rotenkirchen als Ihren neuen Lebensmittelpunkt, wo Tradition und Moderne, Landwirtschaft und Gartenkunst Hand in Hand gehen.<\/p><p>Willkommen auf der Dom\u00e4ne Rotenkirchen \u2013 wo das Leben im Einklang mit der Natur eine Selbstverst\u00e4ndlichkeit ist.<\/p>\t\t\t\t\t\t<\/div>\n\t\t\t\t<\/div>\n\t\t\t\t\t<\/div>\n\t\t\t\t<\/div>\n\t\t<div class=\"elementor-element elementor-element-c4de368 e-flex e-con-boxed e-con e-parent\" data-id=\"c4de368\" data-element_type=\"container\">\n\t\t\t\t\t<div class=\"e-con-inner\">\n\t\t\t\t<div class=\"elementor-element elementor-element-ac6ae88 elementor-widget elementor-widget-heading\" data-id=\"ac6ae88\" data-element_type=\"widget\" data-widget_type=\"heading.default\">\n\t\t\t\t<div class=\"elementor-widget-container\">\n\t\t\t<h2 class=\"elementor-heading-title elementor-size-default\">Was wir bieten<\/h2>\t\t<\/div>\n\t\t\t\t<\/div>\n\t\t\t\t\t<\/div>\n\t\t\t\t<\/div>\n\t\t<div class=\"elementor-element elementor-element-f8ac2c6 e-flex e-con-boxed e-con e-parent\" data-id=\"f8ac2c6\" data-element_type=\"container\">\n\t\t\t\t\t<div class=\"e-con-inner\">\n\t\t<div class=\"elementor-element elementor-element-e6e5358 e-con-full e-flex e-con e-child\" data-id=\"e6e5358\" data-element_type=\"container\">\n\t\t\t\t<div class=\"elementor-element elementor-element-dd549c1 elementor-widget elementor-widget-image\" data-id=\"dd549c1\" data-element_type=\"widget\" data-widget_type=\"image.default\">\n\t\t\t\t<div class=\"elementor-widget-container\">\n\t\t\t\t\t\t\t\t\t\t\t\t\t<img decoding=\"async\" width=\"450\" height=\"563\" src=\"https:\/\/rotenkirchen.edvexperten.de\/wp-content\/uploads\/2024\/05\/wohnentest.webp\" class=\"attachment-large size-large wp-image-188\" alt=\"\" srcset=\"https:\/\/rotenkirchen.edvexperten.de\/wp-content\/uploads\/2024\/05\/wohnentest.webp 450w, https:\/\/rotenkirchen.edvexperten.de\/wp-content\/uploads\/2024\/05\/wohnentest-240x300.webp 240w\" sizes=\"(max-width: 450px) 100vw, 450px\" \/>\t\t\t\t\t\t\t\t\t\t\t\t\t<\/div>\n\t\t\t\t<\/div>\n\t\t\t\t<div class=\"elementor-element elementor-element-a1a3242 elementor-invisible elementor-widget elementor-widget-heading\" data-id=\"a1a3242\" data-element_type=\"widget\" data-settings=\"{&quot;_animation&quot;:&quot;fadeInUp&quot;}\" data-widget_type=\"heading.default\">\n\t\t\t\t<div class=\"elementor-widget-container\">\n\t\t\t<h2 class=\"elementor-heading-title elementor-size-default\">Leben & Wohnen<\/h2>\t\t<\/div>\n\t\t\t\t<\/div>\n\t\t\t\t<\/div>\n\t\t<div class=\"elementor-element elementor-element-0c2822a e-con-full e-flex e-con e-child\" data-id=\"0c2822a\" data-element_type=\"container\">\n\t\t\t\t<div class=\"elementor-element elementor-element-723606a elementor-widget elementor-widget-image\" data-id=\"723606a\" data-element_type=\"widget\" data-widget_type=\"image.default\">\n\t\t\t\t<div class=\"elementor-widget-container\">\n\t\t\t\t\t\t\t\t\t\t\t\t\t<img decoding=\"async\" width=\"450\" height=\"563\" src=\"https:\/\/rotenkirchen.edvexperten.de\/wp-content\/uploads\/2024\/05\/gartenkunst.webp\" class=\"attachment-large size-large wp-image-55\" alt=\"\" srcset=\"https:\/\/rotenkirchen.edvexperten.de\/wp-content\/uploads\/2024\/05\/gartenkunst.webp 450w, https:\/\/rotenkirchen.edvexperten.de\/wp-content\/uploads\/2024\/05\/gartenkunst-240x300.webp 240w\" sizes=\"(max-width: 450px) 100vw, 450px\" \/>\t\t\t\t\t\t\t\t\t\t\t\t\t<\/div>\n\t\t\t\t<\/div>\n\t\t\t\t<div class=\"elementor-element elementor-element-3312be9 elementor-invisible elementor-widget elementor-widget-heading\" data-id=\"3312be9\" data-element_type=\"widget\" data-settings=\"{&quot;_animation&quot;:&quot;fadeInUp&quot;}\" data-widget_type=\"heading.default\">\n\t\t\t\t<div class=\"elementor-widget-container\">\n\t\t\t<h2 class=\"elementor-heading-title elementor-size-default\">Gartenkunst<\/h2>\t\t<\/div>\n\t\t\t\t<\/div>\n\t\t\t\t<\/div>\n\t\t<div class=\"elementor-element elementor-element-b2b4630 e-con-full e-flex e-con e-child\" data-id=\"b2b4630\" data-element_type=\"container\">\n\t\t\t\t<div class=\"elementor-element elementor-element-a2a0f5f elementor-widget elementor-widget-image\" data-id=\"a2a0f5f\" data-element_type=\"widget\" data-widget_type=\"image.default\">\n\t\t\t\t<div class=\"elementor-widget-container\">\n\t\t\t\t\t\t\t\t\t\t\t\t\t<img loading=\"lazy\" decoding=\"async\" width=\"450\" height=\"563\" src=\"https:\/\/rotenkirchen.edvexperten.de\/wp-content\/uploads\/2024\/05\/landwirtschaft.webp\" class=\"attachment-large size-large wp-image-57\" alt=\"\" srcset=\"https:\/\/rotenkirchen.edvexperten.de\/wp-content\/uploads\/2024\/05\/landwirtschaft.webp 450w, https:\/\/rotenkirchen.edvexperten.de\/wp-content\/uploads\/2024\/05\/landwirtschaft-240x300.webp 240w\" sizes=\"(max-width: 450px) 100vw, 450px\" \/>\t\t\t\t\t\t\t\t\t\t\t\t\t<\/div>\n\t\t\t\t<\/div>\n\t\t\t\t<div class=\"elementor-element elementor-element-53c36c8 elementor-invisible elementor-widget elementor-widget-heading\" data-id=\"53c36c8\" data-element_type=\"widget\" data-settings=\"{&quot;_animation&quot;:&quot;fadeInUp&quot;}\" data-widget_type=\"heading.default\">\n\t\t\t\t<div class=\"elementor-widget-container\">\n\t\t\t<h2 class=\"elementor-heading-title elementor-size-default\">Landwirtschaft<\/h2>\t\t<\/div>\n\t\t\t\t<\/div>\n\t\t\t\t<\/div>\n\t\t\t\t\t<\/div>\n\t\t\t\t<\/div>\n\t\t\t\t<\/div>\n\t\t","protected":false},"excerpt":{"rendered":"<p>Dom\u00e4ne Rotenkirchen Leben &amp; Wohnen |&nbsp;Gartenkunst | Landwirtschaft Die Dom\u00e4ne Rotenkirchen Willkommen auf der Dom\u00e4ne Rotenkirchen \u2013 Ihrem Tor zu einem authentischen Landleben mit modernem Wohnkomfort. Die Dom\u00e4ne Rotenkirchen, eingebettet in die malerische Landschaft des Einbecker Landes, verbindet traditionelle Werte mit zeitgem\u00e4\u00dfem Lebensstil. Entdecken Sie bei uns die perfekte Harmonie aus Wohnen, Natur und nachhaltiger [&hellip;]<\/p>\n","protected":false},"author":2,"featured_media":0,"parent":0,"menu_order":0,"comment_status":"closed","ping_status":"closed","template":"","meta":{"footnotes":""},"class_list":["post-23","page","type-page","status-publish","hentry"],"_links":{"self":[{"href":"https:\/\/rotenkirchen.edvexperten.de\/index.php?rest_route=\/wp\/v2\/pages\/23","targetHints":{"allow":["GET"]}}],"collection":[{"href":"https:\/\/rotenkirchen.edvexperten.de\/index.php?rest_route=\/wp\/v2\/pages"}],"about":[{"href":"https:\/\/rotenkirchen.edvexperten.de\/index.php?rest_route=\/wp\/v2\/types\/page"}],"author":[{"embeddable":true,"href":"https:\/\/rotenkirchen.edvexperten.de\/index.php?rest_route=\/wp\/v2\/users\/2"}],"replies":[{"embeddable":true,"href":"https:\/\/rotenkirchen.edvexperten.de\/index.php?rest_route=%2Fwp%2Fv2%2Fcomments&post=23"}],"version-history":[{"count":172,"href":"https:\/\/rotenkirchen.edvexperten.de\/index.php?rest_route=\/wp\/v2\/pages\/23\/revisions"}],"predecessor-version":[{"id":228,"href":"https:\/\/rotenkirchen.edvexperten.de\/index.php?rest_route=\/wp\/v2\/pages\/23\/revisions\/228"}],"wp:attachment":[{"href":"https:\/\/rotenkirchen.edvexperten.de\/index.php?rest_route=%2Fwp%2Fv2%2Fmedia&parent=23"}],"curies":[{"name":"wp","href":"https:\/\/api.w.org\/{rel}","templated":true}]}}